{"version":"1.0","provider_name":"Jobb mint volt","provider_url":"https:\/\/jobbmintvolt.cafeblog.hu","author_name":"Ujh\u00e1zi Ildik\u00f3","author_url":"https:\/\/jobbmintvolt.cafeblog.hu\/author\/ujhazi_ildiko\/","title":"Rumba, mi m\u00e1s","html":"<p>Aki ismer, tudja, hogy a rumba fotelek nem a sz\u00edvem cs\u00fccskei. Valahogy nem tetszik. Na, j\u00f3l kezdem, ezt a posztot, mi?! Mindegy, marad. Ez az \u00e9n v\u00e9lem\u00e9nyem, \u00e9n enn\u00e9l sz\u00f6gletesebb vagyok, ink\u00e1bb a retro, mint ez a kerek karfa. De ett\u0151l f\u00fcggetlen\u00fcl, ezt a fotelt elv\u00e1llaltam egy ismer\u0151snek. S\u0151t, a fotel sors\u00e1t is tudtam: lomtalan\u00edt\u00e1son lett szerezve, majd 3-4 \u00e9vet \u00e1llt a pinc\u00e9ben. Igaz\u00e1b\u00f3l addig, am\u00edg le nem bontottam be nem mertem hozni a lak\u00e1sba, kint \u00e1llt a m\u00ednuszokban, csak amikor a h\u00f3 esett takartam le f\u00f3li\u00e1val. Azokt\u00f3l az ismeretlen eredet\u0171 feh\u00e9r pen\u00e9szfoltszer\u0171 p\u00f6tty\u00f6kt\u0151l teljesen kir\u00e1zott a hideg. De innen sz\u00e9p nyerni :)<\/p>\r\n<p><a href=\"https:\/\/jobbmintvolt.cafeblog.hu\/files\/2017\/02\/1-1.jpg\"><img class=\"aligncenter size-large wp-image-2098\" src=\"https:\/\/jobbmintvolt.cafeblog.hu\/files\/2017\/02\/1-1-450x600.jpg\" alt=\"\" width=\"450\" height=\"600\" \/><\/a><\/p>\r\n<p><a href=\"https:\/\/jobbmintvolt.cafeblog.hu\/files\/2017\/02\/2-1.jpg\"><img class=\"aligncenter size-large wp-image-2099\" src=\"https:\/\/jobbmintvolt.cafeblog.hu\/files\/2017\/02\/2-1-450x600.jpg\" alt=\"\" width=\"450\" height=\"600\" \/><\/a><\/p>\r\n<p>Azt\u00e1n egy naps\u00fct\u00e9ses h\u00e9tv\u00e9g\u00e9n lebontottam. J\u00f3 p\u00e1r \u00f3r\u00e1ig tartott, nem fot\u00f3zgattam, csak min\u00e9l el\u0151bb t\u00fal akartam rajta esni.<\/p>\r\n<p><a href=\"https:\/\/jobbmintvolt.cafeblog.hu\/files\/2017\/02\/3.jpg\"><img class=\"aligncenter size-large wp-image-2100\" src=\"https:\/\/jobbmintvolt.cafeblog.hu\/files\/2017\/02\/3-494x600.jpg\" alt=\"\" width=\"494\" height=\"600\" \/><\/a><\/p>\r\n<p>A meleg szob\u00e1ba csak akkor ker\u00fclt, amikor m\u00e1r csak fav\u00e1z volt bel\u0151le. N\u00e9mi csiszolgat\u00e1s, \u00fajrafest\u00e9s a far\u00e9szeken, majd kezd\u0151d\u00f6tt a k\u00e1rpitoz\u00e1s. Nem is tudom mikor k\u00e1rpitoztam utolj\u00e1ra. A suliban szoktunk, meg a workshopokon is csin\u00e1lgatom, de \u00edgy a m\u0171hely mag\u00e1ny\u00e1ban, itthon m\u00e1r r\u00e9gen k\u00e9sz\u00edtettem b\u00e1rmit is. Ez persze az\u00e9rt is, mert kev\u00e9s az id\u0151m, nem v\u00e1llalok el semmit. Ez a fotel is kb f\u00e9l \u00e9vet v\u00e1rt, mire hozz\u00e1m ker\u00fclt. Magamnak meg ugyeb\u00e1r m\u00e1r mindent \u00e1th\u00faztam, sz\u00f3val r\u00e9gen kapcsoztam. Az\u00e9rt el\u00e1rulom, hogy k\u00e9sz\u00fcl\u00f6k a kanap\u00e9t \u00fajra \u00e1tk\u00e1rpitozni, de m\u00e9g csak a tervezget\u00e9s f\u00e1zisban van.<\/p>\r\n<p>Ker\u00fcltek fel a hevederek, v\u00e1szon sorban, majd szivacsb\u00f3l kialak\u00edtottam a form\u00e1t \u00e9s bevontam vliessel az eg\u00e9szet.<\/p>\r\n<p><a href=\"https:\/\/jobbmintvolt.cafeblog.hu\/files\/2017\/02\/4-2.jpg\"><img class=\"aligncenter size-large wp-image-2119\" src=\"https:\/\/jobbmintvolt.cafeblog.hu\/files\/2017\/02\/4-2-450x600.jpg\" alt=\"\" width=\"450\" height=\"600\" \/><\/a><\/p>\r\n<p><a href=\"https:\/\/jobbmintvolt.cafeblog.hu\/files\/2017\/02\/5-2.jpg\"><img class=\"aligncenter size-large wp-image-2120\" src=\"https:\/\/jobbmintvolt.cafeblog.hu\/files\/2017\/02\/5-2-450x600.jpg\" alt=\"\" width=\"450\" height=\"600\" \/><\/a><\/p>\r\n<p>&nbsp;<\/p>\r\n<p>&nbsp;<\/p>\r\n<p><a href=\"https:\/\/jobbmintvolt.cafeblog.hu\/files\/2017\/02\/6-1.jpg\"><img class=\"aligncenter size-large wp-image-2103\" src=\"https:\/\/jobbmintvolt.cafeblog.hu\/files\/2017\/02\/6-1-450x600.jpg\" alt=\"\" width=\"450\" height=\"600\" \/><\/a><\/p>\r\n<p>Vir\u00e1gos \u00e9s cs\u00edkos anyag lett kiv\u00e1lasztva hozz\u00e1, a t\u00e1mla egy\u00e9rtelm\u0171 volt, hogy oldalt lesz cs\u00edkos, \u00edgy azt kiszabtam, \u00f6sszegombost\u0171ztem, felpr\u00f3b\u00e1ltam. Mivel a rusnya eredeti k\u00e1rpitot egy pillanattal sem akartam tov\u00e1bb megtartani, mint musz\u00e1j, ez\u00e9rt azzal az \u00edvvel ker\u00fclt a kuk\u00e1ba, ahogy leszedtem. De \u00edgy nem volt szab\u00e1smint\u00e1m, ez\u00e9rt volt a gombost\u0171z\u00e9s \u00e9s pr\u00f3ba. Egy\u00e9bk\u00e9nt m\u00e1r el szoktam ezt hagyni, \u00e9s r\u00f6gt\u00f6n varrom \u00f6ssze a gondosan kiszabott r\u00e9szeket, de ebben az esetben nem akartam elsz\u00farni az \u00edveket.<\/p>\r\n<p><a href=\"https:\/\/jobbmintvolt.cafeblog.hu\/files\/2017\/02\/7-1.jpg\"><img class=\"aligncenter size-large wp-image-2104\" src=\"https:\/\/jobbmintvolt.cafeblog.hu\/files\/2017\/02\/7-1-450x600.jpg\" alt=\"\" width=\"450\" height=\"600\" \/><\/a><\/p>\r\n<p><a href=\"https:\/\/jobbmintvolt.cafeblog.hu\/files\/2017\/02\/8-1.jpg\"><img class=\"aligncenter size-large wp-image-2105\" src=\"https:\/\/jobbmintvolt.cafeblog.hu\/files\/2017\/02\/8-1-450x600.jpg\" alt=\"\" width=\"450\" height=\"600\" \/><\/a><\/p>\r\n<p><a href=\"https:\/\/jobbmintvolt.cafeblog.hu\/files\/2017\/02\/9.jpg\"><img class=\"aligncenter size-large wp-image-2106\" src=\"https:\/\/jobbmintvolt.cafeblog.hu\/files\/2017\/02\/9-450x600.jpg\" alt=\"\" width=\"450\" height=\"600\" \/><\/a><\/p>\r\n<p>Majd j\u00f6tt az \u00fcl\u0151r\u00e9sz. Itt kicsit elbizonytalanodtam, hogy melyik \u00f6ssze\u00e1ll\u00edt\u00e1s lenne a jobb, de v\u00e9g\u00fcl itt is az oldalt cs\u00edkos lett a nyer\u0151.<\/p>\r\n<p><a href=\"https:\/\/jobbmintvolt.cafeblog.hu\/files\/2017\/02\/11.jpg\"><img class=\"aligncenter size-large wp-image-2108\" src=\"https:\/\/jobbmintvolt.cafeblog.hu\/files\/2017\/02\/11-600x450.jpg\" alt=\"\" width=\"600\" height=\"450\" \/><\/a><\/p>\r\n<p><a href=\"https:\/\/jobbmintvolt.cafeblog.hu\/files\/2017\/02\/10.jpg\"><img class=\"aligncenter size-large wp-image-2107\" src=\"https:\/\/jobbmintvolt.cafeblog.hu\/files\/2017\/02\/10-450x600.jpg\" alt=\"\" width=\"450\" height=\"600\" \/><\/a><\/p>\r\n<p><a href=\"https:\/\/jobbmintvolt.cafeblog.hu\/files\/2017\/02\/12.jpg\"><img class=\"aligncenter size-large wp-image-2109\" src=\"https:\/\/jobbmintvolt.cafeblog.hu\/files\/2017\/02\/12-600x450.jpg\" alt=\"\" width=\"600\" height=\"450\" \/><\/a><\/p>\r\n<p>Innent\u0151l felgyorsultak a dolgok, minden a hely\u00e9re ker\u00fclt (h\u00e1tlap, \u00e9s als\u00f3 bor\u00edt\u00e1s), \u00e9s mivel holnap m\u00e1r viszi is a tulaj, most esti f\u00e9nyben modellt \u00e1llt az \u00e9tkez\u0151 asztal hely\u00e9n. Csinosnak csinos, de \u00e9n maradok az egyenes form\u00e1k h\u00edve.<\/p>\r\n<p><a href=\"https:\/\/jobbmintvolt.cafeblog.hu\/files\/2017\/02\/16.jpg\"><img class=\"aligncenter size-large wp-image-2110\" src=\"https:\/\/jobbmintvolt.cafeblog.hu\/files\/2017\/02\/16-450x600.jpg\" alt=\"\" width=\"450\" height=\"600\" \/><\/a><\/p>\r\n<p><a href=\"https:\/\/jobbmintvolt.cafeblog.hu\/files\/2017\/02\/14.jpg\"><img class=\"aligncenter size-large wp-image-2111\" src=\"https:\/\/jobbmintvolt.cafeblog.hu\/files\/2017\/02\/14-450x600.jpg\" alt=\"\" width=\"450\" height=\"600\" \/><\/a><\/p>\r\n<p><a href=\"https:\/\/jobbmintvolt.cafeblog.hu\/files\/2017\/02\/20.jpg\"><img class=\"aligncenter size-large wp-image-2113\" src=\"https:\/\/jobbmintvolt.cafeblog.hu\/files\/2017\/02\/20-450x600.jpg\" alt=\"\" width=\"450\" height=\"600\" \/><\/a><\/p>\r\n<p><a href=\"https:\/\/jobbmintvolt.cafeblog.hu\/files\/2017\/02\/19.jpg\"><img class=\"aligncenter size-large wp-image-2115\" src=\"https:\/\/jobbmintvolt.cafeblog.hu\/files\/2017\/02\/19-450x600.jpg\" alt=\"\" width=\"450\" height=\"600\" \/><\/a><\/p>\r\n<p><a href=\"https:\/\/jobbmintvolt.cafeblog.hu\/files\/2017\/02\/27.jpg\"><img class=\"aligncenter size-large wp-image-2118\" src=\"https:\/\/jobbmintvolt.cafeblog.hu\/files\/2017\/02\/27-450x600.jpg\" alt=\"\" width=\"450\" height=\"600\" \/><\/a><\/p>\r\n<p><a href=\"https:\/\/jobbmintvolt.cafeblog.hu\/files\/2017\/02\/24.jpg\"><img class=\"aligncenter size-large wp-image-2117\" src=\"https:\/\/jobbmintvolt.cafeblog.hu\/files\/2017\/02\/24-442x600.jpg\" alt=\"\" width=\"442\" height=\"600\" \/><\/a><\/p>\r\n<p><a href=\"https:\/\/jobbmintvolt.cafeblog.hu\/files\/2017\/02\/22.jpg\"><img class=\"aligncenter size-large wp-image-2116\" src=\"https:\/\/jobbmintvolt.cafeblog.hu\/files\/2017\/02\/22-450x600.jpg\" alt=\"\" width=\"450\" height=\"600\" \/><\/a><\/p>","type":"rich","thumbnail_url":"https:\/\/jobbmintvolt.cafeblog.hu\/files\/2017\/02\/20-150x150.jpg","thumbnail_width":150,"thumbnail_height":150}

Ujházi Ildikó

Rumba, mi más

<p>Aki ismer, tudja, hogy a rumba fotelek nem a szívem csücskei. Valahogy nem tetszik. Na, jól kezdem, ezt a posztot, mi?! Mindegy, marad. Ez az én véleményem, én ennél szögletesebb vagyok, inkább a retro, mint ez a kerek karfa. De ettől függetlenül, ezt a fotelt elvállaltam egy ismerősnek. Sőt, a fotel sorsát is tudtam: lomtalanításon lett szerezve, majd 3-4 évet állt a pincében. Igazából addig, amíg le nem bontottam be nem mertem hozni a lakásba, kint állt a mínuszokban, csak amikor a hó esett takartam le fóliával. Azoktól az ismeretlen eredetű fehér penészfoltszerű pöttyöktől teljesen kirázott a hideg. De innen szép nyerni :)</p>
<p><a href="https://jobbmintvolt.cafeblog.hu/files/2017/02/1-1.jpg"><img class="aligncenter size-large wp-image-2098" src="https://jobbmintvolt.cafeblog.hu/files/2017/02/1-1-450x600.jpg" alt="" width="450" height="600" /></a></p>
<p><a href="https://jobbmintvolt.cafeblog.hu/files/2017/02/2-1.jpg"><img class="aligncenter size-large wp-image-2099" src="https://jobbmintvolt.cafeblog.hu/files/2017/02/2-1-450x600.jpg" alt="" width="450" height="600" /></a></p>
<p>Aztán egy napsütéses hétvégén lebontottam. Jó pár óráig tartott, nem fotózgattam, csak minél előbb túl akartam rajta esni.</p>
<p><a href="https://jobbmintvolt.cafeblog.hu/files/2017/02/3.jpg"><img class="aligncenter size-large wp-image-2100" src="https://jobbmintvolt.cafeblog.hu/files/2017/02/3-494x600.jpg" alt="" width="494" height="600" /></a></p>
<p>A meleg szobába csak akkor került, amikor már csak faváz volt belőle. Némi csiszolgatás, újrafestés a farészeken, majd kezdődött a kárpitozás. Nem is tudom mikor kárpitoztam utoljára. A suliban szoktunk, meg a workshopokon is csinálgatom, de így a műhely magányában, itthon már régen készítettem bármit is. Ez persze azért is, mert kevés az időm, nem vállalok el semmit. Ez a fotel is kb fél évet várt, mire hozzám került. Magamnak meg ugyebár már mindent áthúztam, szóval régen kapcsoztam. Azért elárulom, hogy készülök a kanapét újra átkárpitozni, de még csak a tervezgetés fázisban van.</p>
<p>Kerültek fel a hevederek, vászon sorban, majd szivacsból kialakítottam a formát és bevontam vliessel az egészet.</p>
<p><a href="https://jobbmintvolt.cafeblog.hu/files/2017/02/4-2.jpg"><img class="aligncenter size-large wp-image-2119" src="https://jobbmintvolt.cafeblog.hu/files/2017/02/4-2-450x600.jpg" alt="" width="450" height="600" /></a></p>
<p><a href="https://jobbmintvolt.cafeblog.hu/files/2017/02/5-2.jpg"><img class="aligncenter size-large wp-image-2120" src="https://jobbmintvolt.cafeblog.hu/files/2017/02/5-2-450x600.jpg" alt="" width="450" height="600" /></a></p>
<p>&nbsp;</p>
<p>&nbsp;</p>
<p><a href="https://jobbmintvolt.cafeblog.hu/files/2017/02/6-1.jpg"><img class="aligncenter size-large wp-image-2103" src="https://jobbmintvolt.cafeblog.hu/files/2017/02/6-1-450x600.jpg" alt="" width="450" height="600" /></a></p>
<p>Virágos és csíkos anyag lett kiválasztva hozzá, a támla egyértelmű volt, hogy oldalt lesz csíkos, így azt kiszabtam, összegombostűztem, felpróbáltam. Mivel a rusnya eredeti kárpitot egy pillanattal sem akartam tovább megtartani, mint muszáj, ezért azzal az ívvel került a kukába, ahogy leszedtem. De így nem volt szabásmintám, ezért volt a gombostűzés és próba. Egyébként már el szoktam ezt hagyni, és rögtön varrom össze a gondosan kiszabott részeket, de ebben az esetben nem akartam elszúrni az íveket.</p>
<p><a href="https://jobbmintvolt.cafeblog.hu/files/2017/02/7-1.jpg"><img class="aligncenter size-large wp-image-2104" src="https://jobbmintvolt.cafeblog.hu/files/2017/02/7-1-450x600.jpg" alt="" width="450" height="600" /></a></p>
<p><a href="https://jobbmintvolt.cafeblog.hu/files/2017/02/8-1.jpg"><img class="aligncenter size-large wp-image-2105" src="https://jobbmintvolt.cafeblog.hu/files/2017/02/8-1-450x600.jpg" alt="" width="450" height="600" /></a></p>
<p><a href="https://jobbmintvolt.cafeblog.hu/files/2017/02/9.jpg"><img class="aligncenter size-large wp-image-2106" src="https://jobbmintvolt.cafeblog.hu/files/2017/02/9-450x600.jpg" alt="" width="450" height="600" /></a></p>
<p>Majd jött az ülőrész. Itt kicsit elbizonytalanodtam, hogy melyik összeállítás lenne a jobb, de végül itt is az oldalt csíkos lett a nyerő.</p>
<p><a href="https://jobbmintvolt.cafeblog.hu/files/2017/02/11.jpg"><img class="aligncenter size-large wp-image-2108" src="https://jobbmintvolt.cafeblog.hu/files/2017/02/11-600x450.jpg" alt="" width="600" height="450" /></a></p>
<p><a href="https://jobbmintvolt.cafeblog.hu/files/2017/02/10.jpg"><img class="aligncenter size-large wp-image-2107" src="https://jobbmintvolt.cafeblog.hu/files/2017/02/10-450x600.jpg" alt="" width="450" height="600" /></a></p>
<p><a href="https://jobbmintvolt.cafeblog.hu/files/2017/02/12.jpg"><img class="aligncenter size-large wp-image-2109" src="https://jobbmintvolt.cafeblog.hu/files/2017/02/12-600x450.jpg" alt="" width="600" height="450" /></a></p>
<p>Innentől felgyorsultak a dolgok, minden a helyére került (hátlap, és alsó borítás), és mivel holnap már viszi is a tulaj, most esti fényben modellt állt az étkező asztal helyén. Csinosnak csinos, de én maradok az egyenes formák híve.</p>
<p><a href="https://jobbmintvolt.cafeblog.hu/files/2017/02/16.jpg"><img class="aligncenter size-large wp-image-2110" src="https://jobbmintvolt.cafeblog.hu/files/2017/02/16-450x600.jpg" alt="" width="450" height="600" /></a></p>
<p><a href="https://jobbmintvolt.cafeblog.hu/files/2017/02/14.jpg"><img class="aligncenter size-large wp-image-2111" src="https://jobbmintvolt.cafeblog.hu/files/2017/02/14-450x600.jpg" alt="" width="450" height="600" /></a></p>
<p><a href="https://jobbmintvolt.cafeblog.hu/files/2017/02/20.jpg"><img class="aligncenter size-large wp-image-2113" src="https://jobbmintvolt.cafeblog.hu/files/2017/02/20-450x600.jpg" alt="" width="450" height="600" /></a></p>
<p><a href="https://jobbmintvolt.cafeblog.hu/files/2017/02/19.jpg"><img class="aligncenter size-large wp-image-2115" src="https://jobbmintvolt.cafeblog.hu/files/2017/02/19-450x600.jpg" alt="" width="450" height="600" /></a></p>
<p><a href="https://jobbmintvolt.cafeblog.hu/files/2017/02/27.jpg"><img class="aligncenter size-large wp-image-2118" src="https://jobbmintvolt.cafeblog.hu/files/2017/02/27-450x600.jpg" alt="" width="450" height="600" /></a></p>
<p><a href="https://jobbmintvolt.cafeblog.hu/files/2017/02/24.jpg"><img class="aligncenter size-large wp-image-2117" src="https://jobbmintvolt.cafeblog.hu/files/2017/02/24-442x600.jpg" alt="" width="442" height="600" /></a></p>
<p><a href="https://jobbmintvolt.cafeblog.hu/files/2017/02/22.jpg"><img class="aligncenter size-large wp-image-2116" src="https://jobbmintvolt.cafeblog.hu/files/2017/02/22-450x600.jpg" alt="" width="450" height="600" /></a></p>
